69
Convert 0 (base 3) to base 16.
0
Convert -111110 (base 2) to base 10.
-62
What is -19 (base 15) in base 12?
-20
24 (base 8) to base 9
22
-132 (base 11) to base 3
-12210
Convert -32 (base 4) to base 9.
-15
Convert -33 (base 12) to base 3.
-1110
What is 24 (base 9) in base 15?
17
Convert 112 (base 3) to base 16.
e
What is -4 (base 9) in base 6?
-4
Convert 2120 (base 3) to base 11.
63
-3b (base 15) to base 7
-110
What is 3e (base 15) in base 9?
65
What is -2 (base 7) in base 2?
-10
Convert -3a (base 16) to base 8.
-72
0 (base 15) to base 3
0
Convert -431 (base 6) to base 16.
-a3
Convert 1 (base 9) to base 11.
1
Convert 0 (base 8) to base 13.
0
4 (base 13) to base 7
4
What is 2d (base 16) in base 11?
41
What is -26 (base 12) in base 4?
-132
Convert -1001111 (base 2) to base 10.
-79
What is -60 (base 14) in base 7?
-150
Convert 101 (base 2) to base 13.
5
Convert 1 (base 15) to base 7.
1
Convert -10 (base 5) to base 9.
-5
-1 (base 11) to base 2
-1
1 (base 8) to base 13
1
Convert 3a (base 15) to base 10.
55
What is -343 (base 5) in base 3?
-10122
What is -13 (base 4) in base 3?
-21
What is -92 (base 15) in base 6?
-345
Convert 20 (base 12) to base 10.
24
a (base 14) to base 4
22
Convert 14 (base 16) to base 13.
17
Convert 8f (base 16) to base 7.
263
What is 179 (base 11) in base 14?
10b
What is -3 (base 8) in base 16?
-3
What is -2 (base 15) in base 3?
-2
10111 (base 2) to base 5
43
What is -32 (base 9) in base 15?
-1e
-3 (base 9) to base 6
-3
-3 (base 7) to base 4
-3
26 (base 8) to base 3
211
Convert -e (base 15) to base 2.
-1110
Convert -5 (base 14) to base 2.
-101
Convert 1 (base 6) to base 9.
1
What is 4 (base 13) in base 6?
4
21 (base 11) to base 2
10111
-1 (base 12) to base 14
-1
What is 0 (base 16) in base 15?
0
Convert 1100 (base 2) to base 12.
10
Convert 62 (base 10) to base 16.
3e
7d (base 15) to base 10
118
What is 1 (base 3) in base 8?
1
-4b (base 14) to base 10
-67
What is -64 (base 12) in base 16?
-4c
Convert -62 (base 8) to base 2.
-110010
7 (base 16) to base 7
10
Convert -10 (base 13) to base 8.
-15
Convert 1 (base 14) to base 13.
1
Convert -4a (base 12) to base 11.
-53
-1 (base 7) to base 10
-1
Convert 21 (base 3) to base 12.
7
-111010 (base 2) to base 16
-3a
Convert 13 (base 6) to base 15.
9
0 (base 10) to base 11
0
Convert d (base 14) to base 15.
d
-11 (base 11) to base 8
-14
What is -24 (base 9) in base 7?
-31
Convert 51 (base 16) to base 8.
121
30 (base 10) to base 13
24
Convert 1001 (base 4) to base 13.
50
Convert -2 (base 11) to base 16.
-2
3 (base 12) to base 11
3
What is -11 (base 3) in base 16?
-4
-1 (base 3) to base 10
-1
What is -1 (base 4) in base 14?
-1
What is -52 (base 7) in base 15?
-27
What is 0 (base 6) in base 2?
0
What is 26 (base 14) in base 4?
202
Convert 2 (base 16) to base 8.
2
Convert -b (base 15) to base 13.
-b
-11 (base 5) to base 15
-6
Convert -1e (base 15) to base 2.
-11101
What is -16 (base 12) in base 14?
-14
What is -4 (base 16) in base 9?
-4
-162 (base 8) to base 7
-222
0 (base 12) to base 8
0
Convert -120 (base 4) to base 5.
-44
What is 0 (base 2) in base 3?
0
39 (base 12) to base 16
2d
What is 3 (base 16) in base 11?
3
-20 (base 13) to base 4
-122
What is 101101 (base 2) in base 9?
50
Convert -20 (base 14) to base 9.
-31
Convert -86 (base 12) to base 16.
-66
-3 (base 7) to base 8
-3
What is -120 (base 4) in base 13?
-1b
Convert 4 (base 9) to base 12.
4
Convert -50 (base 14) to base 6.
-154
What is 1 (base 8) in base 13?
1
1 (base 5) to base 12
1
115 (base 7) to base 4
331
30 (base 14) to base 9
46
Convert 1 (base 8) to base 2.
1
What is 4 (base 7) in base 5?
4
-3 (base 10) to base 15
-3
What is -4 (base 6) in base 8?
-4
Convert -4 (base 11) to base 12.
-4
-6 (base 8) to base 14
-6
-1c (base 14) to base 10
-26
Convert 2 (base 13) to base 15.
2
What is -101 (base 3) in base 4?
-22
Convert 5 (base 14) to base 4.
11
1 (base 8) to base 12
1
1 (base 10) to base 5
1
What is -dc (base 16) in base 6?
-1004
What is 100 (base 2) in base 6?
4
Convert 113 (base 6) to base 15.
30
Convert 0 (base 10) to base 15.
0
Convert -112 (base 6) to base 16.
-2c
224 (base 5) to base 14
48
Convert 416 (base 8) to base 15.
130
What is 2 (base 8) in base 15?
2
What is -2 (base 7) in base 15?
-2
What is -2b (base 15) in base 10?
-41
Convert 1 (base 9) to base 13.
1
Convert -1311 (base 5) to base 13.
-12b
68 (base 9) to base 6
142
1 (base 7) to base 9
1
What is -82 (base 16) in base 2?
-10000010
Convert -1 (base 9) to base 13.
-1
Convert 110 (base 2) to base 8.
6
Convert 213 (base 8) to base 16.
8b
Convert 216 (base 7) to base 16.
6f
What is -3 (base 6) in base 9?
-3
Convert 259 (base 12) to base 10.
357
-3 (base 13) to base 6
-3
Convert -2 (base 14) to base 15.
-2
What is -1 (base 8) in base 12?
-1
-26 (base 14) to base 2
-100010
What is 5a (base 14) in base 7?
143
Convert 1101 (base 4) to base 14.
5b
Convert -12 (base 9) to base 5.
-21
-1 (base 10) to base 15
-1
What is 2002 (base 3) in base 12?
48
-10 (base 3) to base 2
-11
Convert -2d (base 15) to base 8.
-53
Convert -101010 (base 2) to base 10.
-42
Convert -11000 (base 2) to base 4.
-120
-43 (base 5) to base 9
-25
Convert 3 (base 7) to base 13.
3
What is 37 (base 14) in base 10?
49
What is 1100 (base 2) in base 4?
30
What is -14 (base 6) in base 7?
-13
What is -11112 (base 3) in base 4?
-1322
Convert -113 (base 4) to base 6.
-35
Convert 2 (base 12) to base 13.
2
What is -13 (base 10) in base 8?
-15
Convert -10 (base 5) to base 11.
-5
17 (base 16) to base 12
1b
Convert 3 (base 8) to base 13.
3
Convert 1 (base 8) to base 12.
1
What is -24 (base 5) in base 14?
-10
What is c (base 13) in base 11?
11
What is -13 (base 14) in base 4?
-101
What is -13 (base 9) in base 11?
-11
-23 (base 6) to base 12
-13
What is 2 (base 10) in base 14?
2
Convert -ce (base 15) to base 6.
-522
Convert 2 (base 13) to base 16.
2
-1043 (base 5) to base 7
-301
Convert 2e (base 15) to base 16.
2c
-65 (base 7) to base 14
-35
-1101 (base 2) to base 14
-d
What is -1 (base 4) in base 11?
-1
Convert 0 (base 12) to base 4.
0
-3 (base 16) to base 14
-3
Convert -2 (base 10) to base 14.
-2
-52 (base 15) to base 16
-4d
What is -10 (base 6) in base 2?
-110
What is -11 (base 4) in base 8?
-5
What is 4 (base 9) in base 14?
4
Convert 16 (base 8) to base 13.
11
Convert 14 (base 9) to base 16.
d
1 (base 2) to base 8
1
-e (base 15) to base 3
-112
213 (base 9) to base 3
20110
Convert 10 (base 14) to base 5.
24
Convert 571 (base 8) to base 11.
313
What is 0 (base 13) in base 7?
0
15 (base 7) to base 5
22
What is 13 (base 9) in base 6?
20
Convert -5 (base 15) to base 7.
-5
Convert 25 (base 14) to base 15.
23
-3 (base 10) to base 4
-3
-18c (base 13) to base 4
-10131
What is 201 (base 3) in base 4?
103
Convert -ba (base 12) to base 11.
-11a
9 (base 12) to base 2
1001
What is -7 (base 14) in base 10?
-7
What is 2 (base 13) in base 5?
2
Convert -1b (base 12) to base 2.
-10111
What is -5 (base 15) in base 9?
-5
Convert -9 (base 16) to base 14.
-9
Convert 0 (base 9) to base 11.
0
What is 1b (base 13) in base 7?
33
Convert -1 (base 8) to base 14.
-1
What is 3 (base 11) in base 9?
3
Convert 6 (base 11) to base 9.
6
Convert -8b (base 14) to base 2.
-1111011
Convert 1 (base 13) to base 11.
1
What is -12 (base 14) in base 16?
-10
d (base 15) to base 7
16
What is 2 (base 6) in base 11?
2
-110 (base 2) to base 13
-6
211 (base 6) to base 8
117
What is 3 (base 14) in base 5?
3
What is -110 (base 3) in base 16?
-c
-66 (base 7) to base 3
-1210
-1 (base 15) to base 2
-1
What is 1 (base 5) in base 8?
1
101 (base 2) to base 9
5
Convert -183 (base 9) to base 15.
-a6
What is -1000110 (base 2) in base 8?
-106
-2 (base 3) to base 10
-2
Convert 1104 (base 5) to base 13.
bb
What is -28 (base 11) in base 15?
-20
3 (base 7) to base 4
3
-3 (base 7) to base 16
-3
What is 116 (base 12) in base 14?
b8
Convert -37 (base 15) to base 5.
-202
What is -1 (base 11) in base 14?
-1
What is -153 (base 6) in base 11?
-63
What is -11 (base 13) in base 15?
-e
What is 5 (base 16) in base 5?
10
10001 (base 2) to base 16
11
9 (base 16) to base 11
9
What is 15 (base 8) in base 16?
d
What is -10 (base 14) in base 7?
-20
0 (base 12) to base 16
0
7 (base 8) to base 4
13
What is -58 (base 13) in base 8?
-111
What is 6 (base 10) in base 7?
6
Convert 1010 (base 2) to bas